6. Calculate the remainder when o is divided by 3.
2
Suppose 22 = 9*l - 41. What is the remainder when 32 is divided by l?
4
Suppose r = 4*v - 127, 0 = -5*v - 4*r + 163 + 1. What is the remainder when 122 is divided by v?
26
Suppose z - 11 = 5*i + 6, 3*i + 3 = 0. Suppose 5*f + 0*f - 20 = 0. Suppose f = -4*w + z. What is the remainder when 2 is divided by w?
0
Suppose -10*n = -14*n + 400. Calculate the remainder when n is divided by 34.
32
Let l(m) = m**2 - 9*m + 8. Let n be l(6). Let k be ((-8)/(-10))/(n/75). Calculate the remainder when (-140)/k - 6/(-9) is divided by 13.
11
Suppose 2 = 2*h + 2*y, h = 6*h - 4*y - 32. What is the remainder when (1 + -2)/((-1)/11) is divided by h?
3
Suppose 3*a = 4*k + 278, 0 = 4*a - 5*k - 431 + 62. Suppose r - 3*r = -a. What is the remainder when r is divided by 11?
10
Let o(x) = x**3 - 11*x**2 + 11*x + 2. Let i be o(10). Let a be (-6)/1*6/i. What is the remainder when 40 - (a - (-5)/1) is divided by 10?
8
Let o = 11 + -23. Let r be (2/(-6))/(2/o). Suppose -r*c = 2, 0 = 4*l - 0*c + c - 63. Calculate the remainder when l is divided by 6.
4
Suppose -2*h - 328 = -10*h. What is the remainder when 121 is divided by h?
39
Let l(a) = -27*a + 7*a - 3*a + 1. Suppose j - 2*h - 17 = 0, 4*j - 2*h + 10 = 66. What is the remainder when l(-1) is divided by j?
11
Suppose 4*p - 8*p = -168. Calculate the remainder when p is divided by 11.
9
Let x(w) be the third derivative of -w**4/24 + 2*w**3/3 + w**2. Calculate the remainder when (-4)/6 - 370/(-15) is divided by x(-9).
11
Let c(n) = 2*n + 13 - n - 2. Let f be c(0). What is the remainder when 22 is divided by 130/11 + 2/f?
10
Let g(w) = -w**2 - 7*w + 9. Let a be g(-7). Suppose -a*k = -4*k - 10. What is the remainder when 4 is divided by k?
0
Suppose 3 - 7 = w - 3*j, 0 = 2*w + 5*j - 14. Suppose 0 = w*l + 6 - 18. Calculate the remainder when 22 is divided by l.
4
What is the remainder when 16 is divided by 1/(-2)*-22 + -2 + 2?
5
Let h = 114 + -58. What is the remainder when h is divided by 15?
11
Let i = 9 + -4. Suppose -i*r = -r + 5*n - 79, 0 = -4*r - 4*n + 76. Calculate the remainder when r is divided by 6.
4
What is the remainder when 44/3*3/2 is divided by 6?
4
Let t(c) = c**2 - 6*c - 44. Calculate the remainder when t(17) is divided by 29.
27
Let b be (0/1)/((-2)/1). What is the remainder when 6 is divided by (-1 - 0)*(-3 - b)?
0
Suppose 0 = -2*f + 10 + 52. Let u = -15 + f. Let c = 2 + 4. Calculate the remainder when u is divided by c.
4
Let b be ((-12)/18)/(2/3). What is the remainder when 23 is divided by (9 - -2) + 2 + b?
11
Let f = 11 - 1. Suppose -2*n + 5*r = 17, -6 = n + 5*r + f. Calculate the remainder when (-4)/(2*1/n) is divided by 12.
10
Let a = 22 + 10. Let h = 19 - a. What is the remainder when (-1)/((2/2)/h) is divided by 7?
6
Suppose 2*y + 77 = 5*m - 2*y, -3*m = 5*y - 61. Suppose 3*v - 88 = r, 0 = -3*v + 4*r - 2*r + 83. Calculate the remainder when v is divided by m.
14
Let p = -8 + 17. What is the remainder when p is divided by 3?
0
Let g(q) = -2*q + 11. What is the remainder when 5 is divided by g(5)?
0
Suppose -z = -2*z + 16. Let u = -15 + 21. Let d(s) = s**2 - 4*s - 3. What is the remainder when z is divided by d(u)?
7
Suppose -5*q - 74 = -3*d, -62 = -2*d + 2*q - 5*q. What is the remainder when d is divided by 6?
4
Suppose -365 = -11*z + 889. What is the remainder when z is divided by 9?
6
Let a(j) = -j - 8. Let b = -32 - -52. Suppose -b + 0 = -4*n. What is the remainder when n is divided by a(-11)?
2
Suppose 5*h = 3*h - 26. Let t = -3 - h. Suppose -3*s = -4*s + 18. What is the remainder when s is divided by t?
8
Suppose -31 = -c - y, -5*c - 4*y + 150 = -0*y. Let m(l) = -5*l - 5. Let q be m(6). Calculate the remainder when c is divided by ((-6)/15)/(1/q).
12
Suppose y + 5*u - 7 = 0, u + u = -3*y - 18. Let d = y - -18. Calculate the remainder when 18 is divided by d.
8
Let v(z) = 5*z - 7. Calculate the remainder when v(9) is divided by 8.
6
Suppose h + 3*k = 28, -5*k + 54 = -h + 3*h. Let t(s) = -s**2 + 3*s - 1. Let z be t(3). What is the remainder when h is divided by ((2 + z)*8)/1?
6
Calculate the remainder when (-7)/(-35) - (-164)/5 is divided by 9.
6
Suppose 0*f - 2*f + 10 = 0. Suppose -c + 3*u = 2*c - 6, 3*c + u - 14 = 0. Calculate the remainder when (c/6)/((-1)/(-21)) is divided by f.
4
Suppose 3*w = -13 + 88. Suppose -c + 6*c = w. What is the remainder when 7 is divided by c?
2
Suppose -24 = 7*j - 143. What is the remainder when ((-14)/(-4))/(1/14) is divided by j?
15
Let u(t) = 5*t**2 + 2. Suppose -4 = 3*q - 4*q. Suppose q*n = 2 + 6. What is the remainder when u(n) is divided by 8?
6
Suppose 0 = -d + 3*d - 6. Suppose -11 = -g + d. What is the remainder when 53 is divided by g?
11
Suppose -2*y - k + 201 = 0, y - 30 = -5*k + 48. What is the remainder when y is divided by 21?
19
Let g(w) = w + 2*w - 7 + w**2 - 4*w + 3*w. Let o be g(5). Suppose m - 3*m + o = 0. What is the remainder when m is divided by 8?
6
Suppose -d - 2*d + 204 = 0. Suppose -36 = -229*w + 227*w. Calculate the remainder when d is divided by w.
14
Suppose -2*x = -4*l - 26, 3*x - 29 = -4*l + 20. Calculate the remainder when 42 is divided by x.
12
Let w(y) = 2*y - 3. Let x be w(2). Let f be -9 + x*-2*1. Let t = f - -19. What is the remainder when t is divided by 3?
2
Suppose -26*x + 31*x - 1070 = 0. Calculate the remainder when x is divided by 31.
28
Let t(d) = -4*d - 6. Let o be t(-7). Let w = o + -15. Let q(f) = -f + 13. What is the remainder when w is divided by q(9)?
3
Let r(x) = x**2 - 2*x + 3. Let a = 3 - 4. Let o(w) = -5*w**3 + w**2 + 2*w + 1. Calculate the remainder when o(a) is divided by r(2).
2
Suppose -6*p + 2*a + 114 = -p, 2*p - 52 = 4*a. Let h = 9 - 1. What is the remainder when p is divided by h?
6
Let g(f) = f + 1. Let j be g(5). Suppose 41 - 11 = j*b. What is the remainder when 12 is divided by b?
2
Let p(l) = l**2 + 5*l + 4. Let o be p(-5). Let g(t) be the second derivative of 2*t**3 - t**2/2 - 5*t. Calculate the remainder when g(o) is divided by 16.
15
Calculate the remainder when 95 is divided by 3/(-7) - (-712)/28.
20
What is the remainder when (-1)/(-3) + 440/12 is divided by 14?
9
Let b(s) = s**2 + 2*s + 5. Suppose -4 + 12 = -o. Calculate the remainder when b(o) is divided by 18.
17
Suppose -t - 85 = -6*t. What is the remainder when 49 is divided by t?
15
Suppose 2*h - 14 = 6. What is the remainder when 28 is divided by h?
8
Suppose 5*r - 103 = 5*i + 2, -4*r + i = -72. Let p = -27 - -60. What is the remainder when p is divided by r?
16
Suppose 2*i - 3 = -11. Let c(m) = m**2 + 3. Calculate the remainder when 37 is divided by c(i).
18
Let q(n) = -6*n**3 - 3*n**2 - 4*n - 3. Let a be q(-2). Let r = -13 + a. Calculate the remainder when r is divided by (18/12)/(3/20).
8
Let g(z) be the first derivative of z**2 - 3*z + 2. What is the remainder when g(5) is divided by 4?
3
Let m = 0 + 8. Suppose 0 = y + 4*y. Calculate the remainder when -1 + 23 + y/2 is divided by m.
6
Suppose -4*v + v - 5*k = -403, v = 2*k + 116. What is the remainder when v is divided by 32?
30
Suppose -s + 26 = 10*o - 14*o, 5*s - 130 = o. What is the remainder when s is divided by 7?
5
Let l(f) = -8*f - 14. What is the remainder when l(-7) is divided by 15?
12
Suppose -126 = -3*o + o. What is the remainder when o is divided by 0 + -3 - (1 + -20)?
15
Suppose 0 = -2*k - 3*q - 9, 2*q = k - 17 + 4. Suppose u = -2*y + 57, 5*y + k*u - 117 = y. What is the remainder when y is divided by 10?
7
Let d = -25 - -63. Calculate the remainder when 146 is divided by d.
32
Calculate the remainder when 8 is divided by 4/6*6/1.
0
Suppose -3*b + 112 = -77. Let p = b + -41. What is the remainder when p is divided by 6?
4
Calculate the remainder when 71 is divided by 1 + -4 - 1*-21.
17
Let l = -1 - -6. Suppose 2*c - 48 = 4*w, -165 + 10 = -l*c + 3*w. Let g(v) = -v**2 + 11*v - 10. What is the remainder when c is divided by g(7)?
16
Suppose 2*u - 2*f = 32, -8 + 40 = 2*u - f. What is the remainder when 62 is divided by u?
14
Suppose -4*o + 32 + 50 = -3*v, 5*o + 3*v - 116 = 0. Calculate the remainder when 43 is divided by o.
21
Let w(f) = f - 1. Let n be w(-5). What is the remainder when (-148)/n*(-21)/(-14) is divided by 19?
18
Let j(s) be the first derivative of -2*s**2 - 20*s + 5. What is the remainder when 44 is divided 